{"version":"1.0","provider_name":"B\u00fcrgerverein Wupperorte e.V.","provider_url":"https:\/\/wupperorte-radevormwald.de\/wp","author_name":"schmale","author_url":"https:\/\/wupperorte-radevormwald.de\/wp\/author\/gs\/","title":"Bildergalerie Einweihung Stelen und Sommerfest - B\u00fcrgerverein Wupperorte e.V.","type":"rich","width":600,"height":338,"html":"<blockquote class=\"wp-embedded-content\" data-secret=\"r991D9ATbx\"><a href=\"https:\/\/wupperorte-radevormwald.de\/wp\/bildergalerie-einweihung-stelen-und-sommerfest\/\">Bildergalerie Einweihung Stelen und Sommerfest<\/a><\/blockquote><iframe sandbox=\"allow-scripts\" security=\"restricted\" src=\"https:\/\/wupperorte-radevormwald.de\/wp\/bildergalerie-einweihung-stelen-und-sommerfest\/embed\/#?secret=r991D9ATbx\" width=\"600\" height=\"338\" title=\"&#8222;Bildergalerie Einweihung Stelen und Sommerfest&#8220; &#8211; B\u00fcrgerverein Wupperorte e.V.\" data-secret=\"r991D9ATbx\" frameborder=\"0\" marginwidth=\"0\" marginheight=\"0\" scrolling=\"no\" class=\"wp-embedded-content\"><\/iframe><script type=\"text\/javascript\">\n\/*! This file is auto-generated *\/\n!function(c,d){\"use strict\";var e=!1,o=!1;if(d.querySelector)if(c.addEventListener)e=!0;if(c.wp=c.wp||{},c.wp.receiveEmbedMessage);else if(c.wp.receiveEmbedMessage=function(e){var t=e.data;if(!t);else if(!(t.secret||t.message||t.value));else if(\/[^a-zA-Z0-9]\/.test(t.secret));else{for(var r,s,a,i=d.querySelectorAll('iframe[data-secret=\"'+t.secret+'\"]'),n=d.querySelectorAll('blockquote[data-secret=\"'+t.secret+'\"]'),o=new RegExp(\"^https?:$\",\"i\"),l=0;l<n.length;l++)n[l].style.display=\"none\";for(l=0;l<i.length;l++)if(r=i[l],e.source!==r.contentWindow);else{if(r.removeAttribute(\"style\"),\"height\"===t.message){if(1e3<(s=parseInt(t.value,10)))s=1e3;else if(~~s<200)s=200;r.height=s}if(\"link\"===t.message)if(s=d.createElement(\"a\"),a=d.createElement(\"a\"),s.href=r.getAttribute(\"src\"),a.href=t.value,!o.test(a.protocol));else if(a.host===s.host)if(d.activeElement===r)c.top.location.href=t.value}}},e)c.addEventListener(\"message\",c.wp.receiveEmbedMessage,!1),d.addEventListener(\"DOMContentLoaded\",t,!1),c.addEventListener(\"load\",t,!1);function t(){if(o);else{o=!0;for(var e,t,r,s=-1!==navigator.appVersion.indexOf(\"MSIE 10\"),a=!!navigator.userAgent.match(\/Trident.*rv:11\\.\/),i=d.querySelectorAll(\"iframe.wp-embedded-content\"),n=0;n<i.length;n++){if(!(r=(t=i[n]).getAttribute(\"data-secret\")))r=Math.random().toString(36).substr(2,10),t.src+=\"#?secret=\"+r,t.setAttribute(\"data-secret\",r);if(s||a)(e=t.cloneNode(!0)).removeAttribute(\"security\"),t.parentNode.replaceChild(e,t);t.contentWindow.postMessage({message:\"ready\",secret:r},\"*\")}}}}(window,document);\n<\/script>\n","description":"Die Einweihung der Stelen im Schnellental war ein voller Erfolg. Zahlreiche Rader nutzten die Gelegenheit, f\u00fcr eine gef\u00fchrte Besichtung mit Erkl\u00e4rungen durch Herbert Moeselaken. Anschlie\u00dfend wurde beim Sommerfest der Dahlhauser Schweiz ausgelassen gefeiert. Auch die Fahrrad-Draisinen konnten von den G\u00e4sten&hellip;Read more &rarr;","thumbnail_url":"http:\/\/wupperorte-radevormwald.de\/wp\/index.php\/nextgen-attach_to_post\/preview\/id--615"}

Bürgerverein Wupperorte e.V.

Bildergalerie Einweihung Stelen und Sommerfest - Bürgerverein Wupperorte e.V.

<blockquote class="wp-embedded-content" data-secret="r991D9ATbx"><a href="https://wupperorte-radevormwald.de/wp/bildergalerie-einweihung-stelen-und-sommerfest/">Bildergalerie Einweihung Stelen und Sommerfest</a></blockquote><iframe sandbox="allow-scripts" security="restricted" src="https://wupperorte-radevormwald.de/wp/bildergalerie-einweihung-stelen-und-sommerfest/embed/#?secret=r991D9ATbx" width="600" height="338" title="&#8222;Bildergalerie Einweihung Stelen und Sommerfest&#8220; &#8211; Bürgerverein Wupperorte e.V." data-secret="r991D9ATbx" frameborder="0" marginwidth="0" marginheight="0" scrolling="no" class="wp-embedded-content"></iframe><script type="text/javascript">
/*! This file is auto-generated */
!function(c,d){"use strict";var e=!1,o=!1;if(d.querySelector)if(c.addEventListener)e=!0;if(c.wp=c.wp||{},c.wp.receiveEmbedMessage);else if(c.wp.receiveEmbedMessage=function(e){var t=e.data;if(!t);else if(!(t.secret||t.message||t.value));else if(/[^a-zA-Z0-9]/.test(t.secret));else{for(var r,s,a,i=d.querySelectorAll('iframe[data-secret="'+t.secret+'"]'),n=d.querySelectorAll('blockquote[data-secret="'+t.secret+'"]'),o=new RegExp("^https?:$","i"),l=0;l<n.length;l++)n[l].style.display="none";for(l=0;l<i.length;l++)if(r=i[l],e.source!==r.contentWindow);else{if(r.removeAttribute("style"),"height"===t.message){if(1e3<(s=parseInt(t.value,10)))s=1e3;else if(~~s<200)s=200;r.height=s}if("link"===t.message)if(s=d.createElement("a"),a=d.createElement("a"),s.href=r.getAttribute("src"),a.href=t.value,!o.test(a.protocol));else if(a.host===s.host)if(d.activeElement===r)c.top.location.href=t.value}}},e)c.addEventListener("message",c.wp.receiveEmbedMessage,!1),d.addEventListener("DOMContentLoaded",t,!1),c.addEventListener("load",t,!1);function t(){if(o);else{o=!0;for(var e,t,r,s=-1!==navigator.appVersion.indexOf("MSIE 10"),a=!!navigator.userAgent.match(/Trident.*rv:11\./),i=d.querySelectorAll("iframe.wp-embedded-content"),n=0;n<i.length;n++){if(!(r=(t=i[n]).getAttribute("data-secret")))r=Math.random().toString(36).substr(2,10),t.src+="#?secret="+r,t.setAttribute("data-secret",r);if(s||a)(e=t.cloneNode(!0)).removeAttribute("security"),t.parentNode.replaceChild(e,t);t.contentWindow.postMessage({message:"ready",secret:r},"*")}}}}(window,document);
</script>

Die Einweihung der Stelen im Schnellental war ein voller Erfolg. Zahlreiche Rader nutzten die Gelegenheit, für eine geführte Besichtung mit Erklärungen durch Herbert Moeselaken. Anschließend wurde beim Sommerfest der Dahlhauser Schweiz ausgelassen gefeiert. Auch die Fahrrad-Draisinen konnten von den Gästen&hellip;Read more &rarr;
